n thousands digit of 58515?
5
What is the hundred thousands digit of 5251061?
2
What is the units digit of 307516?
6
What is the units digit of 7094912?
2
What is the ten millions digit of 18087703?
1
What is the thousands digit of 2490898?
0
What is the thousands digit of 3115136?
5
What is the thousands digit of 13151464?
1
What is the ten thousands digit of 28226890?
2
What is the units digit of 193945?
5
What is the tens digit of 231439?
3
What is the thousands digit of 914506?
4
What is the hundred thousands digit of 422241?
4
What is the ten thousands digit of 9704947?
0
What is the millions digit of 1001280?
1
What is the tens digit of 20741427?
2
What is the hundreds digit of 985390?
3
What is the thousands digit of 460244?
0
What is the tens digit of 975686?
8
What is the thousands digit of 343555?
3
What is the ten thousands digit of 37674423?
7
What is the units digit of 493527?
7
What is the ten thousands digit of 277088?
7
What is the thousands digit of 10656737?
6
What is the units digit of 144395?
5
What is the thousands digit of 333061?
3
What is the units digit of 2717776?
6
What is the ten thousands digit of 3303991?
0
What is the hundreds digit of 185784?
7
What is the hundreds digit of 356996?
9
What is the thousands digit of 4462978?
2
What is the thousands digit of 2166227?
6
What is the ten thousands digit of 412296?
1
What is the hundred thousands digit of 28173123?
1
What is the units digit of 222060?
0
What is the ten thousands digit of 2202311?
0
What is the ten thousands digit of 6091411?
9
What is the hundreds digit of 2448344?
3
What is the hundreds digit of 10049099?
0
What is the ten thousands digit of 219643?
1
What is the thousands digit of 6280688?
0
What is the ten thousands digit of 19473?
1
What is the ten thousands digit of 188715?
8
What is the ten millions digit of 20339173?
2
What is the tens digit of 22441239?
3
What is the units digit of 101320?
0
What is the units digit of 5930940?
0
What is the hundreds digit of 9057644?
6
What is the tens digit of 9194?
9
What is the hundred thousands digit of 13395209?
3
What is the thousands digit of 30793708?
3
What is the units digit of 558334?
4
What is the hundreds digit of 306854?
8
What is the hundreds digit of 217477?
4
What is the hundred thousands digit of 4204149?
2
What is the ten millions digit of 38267387?
3
What is the hundreds digit of 235327?
3
What is the ten thousands digit of 255210?
5
What is the hundreds digit of 73825?
8
What is the hundred thousands digit of 311054?
3
What is the thousands digit of 2590375?
0
What is the thousands digit of 12226548?
6
What is the tens digit of 1400293?
9
What is the hundred thousands digit of 1174103?
1
What is the millions digit of 1439926?
1
What is the thousands digit of 512444?
2
What is the hundreds digit of 99733?
7
What is the tens digit of 30364050?
5
What is the tens digit of 2749739?
3
What is the tens digit of 500502?
0
What is the ten thousands digit of 311185?
1
What is the millions digit of 15094294?
5
What is the millions digit of 16499267?
6
What is the tens digit of 5687160?
6
What is the hundreds digit of 2626?
6
What is the millions digit of 19768026?
9
What is the units digit of 314985?
5
What is the tens digit of 323501?
0
What is the thousands digit of 2482634?
2
What is the hundred thousands digit of 123798?
1
What is the tens digit of 343213?
1
What is the hundred thousands digit of 323993?
3
What is the tens digit of 10552?
5
What is the hundreds digit of 1889575?
5
What is the hundred thousands digit of 11277364?
2
What is the ten thousands digit of 543538?
4
What is the units digit of 389438?
8
What is the ten thousands digit of 163075?
6
What is the hundreds digit of 44715?
7
What is the ten thousands digit of 869345?
6
What is the hundreds digit of 207745?
7
What is the ten thousands digit of 1271909?
7
What is the hundred thousands digit of 663174?
6
What is the ten thousands digit of 1313986?
1
What is the tens digit of 7201501?
0
What is the thousands digit of 853654?
3
What is the ten thousands digit of 583675?
8
What is the millions digit of 1108976?
1
What is the thousands digit of 1203843?
3
What is the hundreds digit of 10215226?
2
What is the thousands digit of 13054?
3
What is the ten millions digit of 10702639?
1
What is the hundred thousands digit of 13847458?
8
What is the ten thousands digit of 18671387?
7
What is the millions digit of 4784547?
4
What is the units digit of 794446?
6
What is the hundred thousands digit of 240577?
2
What is the hundreds digit of 267833?
8
What is the tens digit of 177570?
7
What is the millions digit of 8172484?
8
What is the hundreds digit of 639289?
2
What is the hundreds digit of 5613?
6
What is the hundreds digit of 12409153?
1
What is the ten thousands digit of 1126084?
2
What is the thousands digit of 206803?
6
What is the thousands digit of 32835?
2
What is the hundreds digit of 885579?
5
What is the hundred thousands digit of 2651587?
6
What is the thousands digit of 4295689?
5
What is the ten thousands digit of 71219?
7
What is the hundreds digit of 7916298?
2
What is the hundred thousands digit of 904941?
9
What is the ten thousands digit of 364571?
6
What is the thousands digit of 3767003?
7
What is the units digit of 23889250?
0
What is the hundred thousands digit of 3421816?
4
What is the millions digit of 12991592?
2
What is the hundred thousands digit of 1750289?
7
What is the tens digit of 550501?
0
What is the millions digit of 6254418?
6
What is the hundred thousands digit of 6605772?
6
What is the units digit of 12562?
2
What is the thousands digit of 1210151?
0
What is the tens digit of 1059254?
5
What is the hundreds digit of 165514?
5
What is the millions digit of 6904363?
6
What is the units digit of 5180683?
3
What is the thousands digit of 554416?
4
What is the ten thousands digit of 45176?
4
What is the hundred thousands digit of 13519838?
5
What is the tens digit of 449?
4
What is the ten thousands digit of 3587337?
8
What is the tens digit of 586449?
4
What is the units digit of 157722?
2
What is the thousands digit of 8381082?
1
What is the thousands digit of 2573020?
3
What is the thousands digit of 75175?
5
What is the hundred thousands digit of 320272?
3
What is the ten thousands digit of 136617?
3
What is the units digit of 132152?
2
What is the tens digit of 376323?
2
What is the tens digit of 16564909?
0
What is the thousands digit of 4237231?
7
What is the hundreds digit of 9400?
4
What is the hundreds digit of 588396?
3
What is the thousands digit of 1241387?
1
What is the hundreds digit of 170938?
9
What is the units digit of 1572304?
4
What is the hundred thousands digit of 414897?
4
What is the ten thousands digit of 1230798?
3
What is the ten thousands digit of 494754?
9
What is the units digit of 12247410?
0
What is the ten thousands digit of 292243?
9
What is the ten thousands digit of 142391?
4
What is the thousands digit of 835636?
5
What is the units digit of 34799167?
7
What is the thousands digit of 484231?
4
What is the ten thousands digit of 2128008?
2
What is the hundreds digit of 2942082?
0
What is the tens digit of 1499033?
3
What is the units digit of 265776?
6
What is the tens digit of 303490?
9
What is the ten thousands digit of 780326?
8
What is the tens digit of 115056?
5
What is the hundreds digit of 525764?
7
What is the units digit of 6158237?
7
What is the units digit of 269552?
2
What is the ten thousands digit of 21091033?
9
What is the tens digit of 827085?
8
What is the ten thousands digit of 1815299?
1
What is the hundreds digit of 200756?
7
What is the units digit of 327137?
7
What is the units digit of 638504?
4
What is the units digit of 998933?
3
What is the units digit of 31339073?
3
What is the thousands digit of 395125?
5
What is the ten thousands digit of 34580?
3
What is the ten thousands digit of 2370874?
7
What is the thousands digit of 2479814?
9
What is the ten thousands digit of 122902?
2
What is the tens digit of 16072?
7
What is the tens digit of 8775522?
2
What is the hundreds digit of 73872?
8
What is the hundreds digit of 3664980?
9
What is the thousands digit of 263686?
3
What is the ten millions digit of 14230610?
1
What is the millions digi